 = -a. Calculate the highest common divisor of m and 280.
70
Suppose 12*b = 5*b + 14*b - 4095. Calculate the highest common factor of b and 120.
15
Let b(a) = -9*a**3 + 9*a**2 - 58*a - 265. Let k be b(-5). What is the highest common factor of 2420 and k?
55
Suppose 2430*c = 2392*c + 646. What is the highest common factor of c and 340?
17
Let m be (-61444)/(-33) - (-396)/6534. Calculate the greatest common factor of 76 and m.
38
Let a(i) = 3 + 14*i + 14*i + 49 + 2*i - i. Let z be a(2). What is the highest common factor of 165 and z?
55
Let y = -3396 + 4479. Calculate the highest common factor of 114 and y.
57
Suppose -2356*l + 2347*l + 1269 = 0. What is the highest common factor of l and 235?
47
Let g be (-12)/18*(6/4)/1. Let k(f) = -180*f - 10. Let l be k(g). Calculate the highest common factor of 20 and l.
10
Let t = 347 + -131. Suppose 4*c + 3*u = -c + 28, -5*c = 2*u - 32. Let f(h) = 4*h - 5. Let g be f(c). Calculate the highest common factor of t and g.
27
Let r be ((-6)/24 + (-4)/(-8) + -1)*-60. What is the highest common divisor of r and 5760?
45
Let c = 23 + -102. Let q = c + 82. Suppose 0 = -q*b + 385 - 97. What is the greatest common divisor of b and 24?
24
Let h be (-1 - (-1)/3)/(6/2061). Let a = h - -337. Calculate the highest common divisor of 144 and a.
36
Let o(h) = -46*h**2 - 312*h - 12. Let i be o(-6). What is the highest common divisor of 544 and i?
68
Suppose s + 0 - 36 = 0. Let n(d) = -3*d - 27. Let q be n(-10). Suppose 165 = 5*p + q*g, -102 = -2*p + 5*g - 5. Calculate the greatest common divisor of s and p.
36
Let z = -884 - -886. Suppose -40 = -z*p - 38. Calculate the highest common factor of 49 and p.
1
Suppose 8*k - 3561 = 3822 - 1751. Calculate the highest common factor of 48 and k.
16
Suppose -4*l + l = -2*w - 2, 5*w - 4 = 3*l. Let n be w + 7/(35/(-10)). Let x(i) = i**2 + i + 4. Let a be x(n). Calculate the highest common factor of a and 1.
1
Suppose 1642 = -7*u + 10287. Suppose -865 - u = -5*x. Suppose -5*j + 4*j = -42. What is the greatest common divisor of x and j?
42
Suppose 5*x = -4*r + 153, 5*r + 4*x = -x + 195. Let s = -119 + 127. Suppose -5*t - 9 = -i, 3*t + s = -i + 25. Calculate the highest common factor of r and i.
14
Suppose 24*r + 91 + 90 = 685. Let w(i) = 80*i - 14. Let c be w(7). What is the highest common divisor of r and c?
21
Let o be 14/(-3 + 6 + -1). Calculate the greatest common divisor of 10 and o.
1
Let y be 1 + (-6)/8 - (-1)/(220/10505). Let f = 45 - 9. What is the highest common factor of f and y?
12
Let t = 5368 + -5358. Calculate the highest common factor of 505 and t.
5
Let c be (-3)/6*4 - -56. Suppose -4*k = 3*x + k - 89, 2*k = -2*x + c. Let j be ((-4)/(-2))/((-16)/(-552)). What is the highest common divisor of x and j?
23
Let i(r) = r**2 - r - 2. Let x(d) = -11*d**2 - 3*d - 13. Let v(k) = -4*i(k) - x(k). Let c be v(-3). Calculate the greatest common factor of 72 and c.
9
Suppose 64069 = -9*q + 76768. Calculate the greatest common factor of q and 119.
17
Suppose -60 = -3*t - 3*w, 5*t - 67 = 5*w + 83. Calculate the highest common divisor of t and 220.
5
Let t be (-770)/(-98) + 96/84 - 8. Suppose 4*j - 25 = 2*o + 39, o = 0. What is the greatest common factor of j and t?
1
Let i be (280/(-42) + 8)/((-3)/(-369)). Let l(z) = -z**3 - 2*z - 12. Let m be l(-5). What is the highest common divisor of m and i?
41
Let t be -1*-3*(5 + -2). Let p be (1 - (-3 + t)) + 10 + -1. Calculate the greatest common factor of p and 3.
1
Let d be 96 + ((-10)/(-20))/((-3)/(-18)). Calculate the greatest common divisor of 440 and d.
11
Let l(a) = 27*a**2 - a - 5. Let m = -176 - -174. Let h be l(m). Calculate the greatest common factor of 42 and h.
21
Let q be ((-24)/(-9))/(2 + (-5)/3). Suppose 5*i - 5*i = -q*i. Suppose -3*o + u = -i*u - 5, 3 = -o + 5*u. What is the greatest common divisor of o and 18?
2
Suppose -b = -5*i - 78 + 479, b - 239 = -3*i. Let r be 0/((-4)/10*(-6 + 11)). Suppose -10*l = -r*l - 320. Calculate the highest common divisor of i and l.
16
Suppose v - 15 = 2. Suppose -10*k - 63 = v. Let b be k/20 + (-135)/(-25). Calculate the greatest common factor of 55 and b.
5
Let d = -26124 + 26172. Let m(u) = u**3 - u**2 + 4. Let j be m(0). What is the greatest common divisor of d and j?
4
Let a = -120 + 240. Let x be a/(-9) + 8/6. Let p be (-2)/(-2) - (x - -11). Calculate the highest common divisor of 8 and p.
2
Let p = -2599 - -2634. What is the greatest common factor of 480 and p?
5
Let x = -1773 + 1857. Calculate the greatest common factor of x and 21.
21
Let h = 15 - 99. Let k be 4/(-14) - 2964/h. Suppose 110*x - 115*x + 105 = 0. What is the greatest common factor of k and x?
7
Let c be 4/2*(36 - 34). Suppose d - 2*d = -5, -c*y + 395 = -d. Let q be -5*(5 + -1)/(-4). Calculate the highest common factor of q and y.
5
Suppose 11786 = 25*o - 1207 - 332. Calculate the greatest common divisor of o and 410.
41
Let l(x) be the second derivative of x**4/12 - 17*x**3/6 - 24*x**2 - 218*x. Let t be l(20). Calculate the greatest common factor of t and 888.
12
Suppose 2322*r - 2317*r - 1647 = 2*d, 0 = 4*r + d - 1315. What is the greatest common divisor of r and 2115?
47
Let m(f) = -39*f + 652. Let y be m(16). Calculate the greatest common divisor of 14 and y.
14
Suppose 4*c + 5*n - 3 = 0, 2*c = -n - n. Let i(l) = l**2 + 5*l + 9. Let z be i(c). Calculate the highest common divisor of z and 27.
3
Suppose -x = -2*m - 10 - 21, 0 = 3*x - m - 78. Suppose 2*b = 4*u + 546, -u + 0*u + 1101 = 4*b. What is the highest common factor of b and x?
25
Let s(r) = -r**3 + 28*r**2 - 52*r + 6. Let g be s(26). Let n be (-1)/(-2) - 53/2. Let u be 1/2 - 767/n. Calculate the greatest common divisor of u and g.
6
Let w(f) = -10*f + 2. Let t be w(2). Let r be 224/(-48)*t/(-7). Let p be r*((-8)/3 + 2). What is the highest common factor of p and 24?
8
Let n(c) = 221*c + 10201. Let u be n(-41). Calculate the greatest common divisor of 950 and u.
190
Let r be (-4770)/(-6) - (-82)/(-41). Calculate the highest common factor of r and 234.
13
Let o(z) = -z**3 + 89*z**2 - 282*z - 176. Let u be o(84). Calculate the greatest common divisor of u and 16.
8
Let b(j) = j**3 - 3 - 47*j**2 + 0 - 5*j - 45*j**2 + 91*j**2. Let y be b(5). Calculate the highest common divisor of 8 and y.
8
Let u(t) = -6*t**2 + 29*t + 7. Let k be u(5). Suppose -6 = 2*q, 4*h - 2*h = -k*q + 4. Calculate the highest common divisor of h and 95.
5
Let a = -10131 - -11188. Calculate the highest common factor of 189 and a.
7
Suppose -380*j + 5984 = -369*j. Let w be -2 + j/48*6/4. What is the highest common divisor of 60 and w?
15
Let k be (5 - -39)*4/8. Let h = -98 - -50. Let o = h + 81. What is the greatest common divisor of o and k?
11
Suppose -5*j - 2*c - 490 = -80, 0 = 5*c + 25. Let g = j - -38. Let w = 258 + g. What is the greatest common divisor of 27 and w?
27
Let c be 1211 + -505 + (-26)/2. What is the highest common divisor of c and 315?
63
Let l = 6616 + -3872. Calculate the greatest common factor of 32 and l.
8
Suppose 0 = 7*n - 3*n + 16. Let h = n - -34. Let c be 7/(-14) - (4 - (-66)/(-4)). What is the highest common divisor of h and c?
6
Let f = -313 - -315. Suppose x - 174 = 2*t, 139 = 3*x - f*t - 403. Calculate the highest common factor of x and 23.
23
Let d(z) = 89*z**2 - 97*z + 188. Let k be d(2). Calculate the greatest common factor of k and 49.
7
Suppose -4*f - 829 = w, 1 = -3*w + 10. Let j be 0 - f/3 - (-8)/12. Calculate the greatest common divisor of 28 and j.
14
Suppose -5*q = -q - 3*l - 31, 0 = -5*l + 15. Let k = -523 + 552. Suppose -5*b = -b - 3*v - k, b - 9*v - 32 = 0. What is the greatest common factor of q and b?
5
Suppose -52*r - 24*r + 45136 = -14*r. Calculate the highest common divisor of 2744 and r.
56
Let x be ((-420)/(-245))/(4/14). Let j(i) = i**3 - 8*i**2 + 16*i - 6. Let z be j(x). Calculate the greatest common factor of z and 9.
9
Suppose -251 = -11*g - 20. Suppose 606 = -g*l + 4596. Calculate the greatest common factor of l and 152.
38
Let r(x) = 10*x + 3. Let l(h) = h + 3. Let p(n) = l(n) + r(n). Let z be p(4). Calculate the greatest common divisor of 225 and z.
25
Let j = 3685 - 3676. What is the highest common divisor of 6759 and j?
9
Suppose 212*q = 676174 + 2953690. Calculate the highest common divisor of 14 and q.
14
Let d be 10556/32 + 11/(-40) +